(6). Suppose -120 = -5*h - l. Calculate the highest common divisor of h and 14.
7
Let w = -183 + 305. Suppose b - 62 - w = -3*a, -5*b = -3*a + 214. What is the highest common divisor of a and 7?
7
Let m(v) = 4*v**2 - v - 6. Let k be m(-2). Calculate the greatest common divisor of 84 and k.
12
Suppose -i = 4*t - 22, -4*t - i + 27 = t. Suppose q - o = 22, -5*q - 5*o = -o - 92. What is the highest common factor of t and q?
5
Suppose 296 = -24*v + 25*v. Let m = v + -188. Calculate the greatest common divisor of 12 and m.
12
Let z = -237 + 512. Calculate the greatest common divisor of 25 and z.
25
Let u(a) = 2*a - 8. Let c be u(5). Let r be -2*((-9)/c + 2). Calculate the greatest common factor of 55 and r.
5
Let j = 28 + -15. Let v be (-7)/3*-39 - -3. Suppose -55 = -2*o - 3*x, 3*x + 13 - v = -3*o. Calculate the highest common factor of o and j.
13
Let c(s) = 7*s**2 - 2. Let b(j) = -4 + 5*j**2 - 2*j**2 + j + 10*j**2. Let d(m) = -2*b(m) + 5*c(m). Let l be d(2). What is the highest common factor of l and 6?
6
Suppose 9*y - 88 = 5*y. Suppose -3*t - 5*o = -4*o - y, -t - 1 = 2*o. Calculate the highest common divisor of t and 9.
9
Suppose -2*j - 3*v = -66, 0 = -3*v + 8*v + 10. Let r(y) = -11*y**3 + y**2 - y - 1. Let o be r(-1). Calculate the highest common divisor of o and j.
12
Let t(x) = x**3 + 23*x**2 - 26*x - 46. Let w be t(-24). Calculate the greatest common divisor of 14 and w.
2
Let d = 21 - 0. What is the highest common divisor of d and 7?
7
Let d be ((5/(-2))/1)/((-20)/280). Calculate the highest common divisor of d and 70.
35
Let f = -11 - -17. Calculate the highest common factor of f and 3.
3
Suppose 83 - 263 = -6*a. What is the greatest common factor of 15 and a?
15
Suppose 0 = 2*x + 3*x - 105. Let l(o) = -o - 8. Let t be l(-14). Let n(p) = -p**2 + 10*p - 10. Let s be n(t). What is the highest common divisor of s and x?
7
Let f = 54 + -27. What is the highest common divisor of 3 and f?
3
Let o be (-2 - 0)*4/(-8). Suppose -3*f + 10 = o, -z + 2*f = -12. Suppose -3*s - 6 = 2*a - 81, 66 = 3*s + 5*a. Calculate the greatest common divisor of z and s.
9
Let v = -22 - -77. Let d = -68 - -73. What is the highest common divisor of d and v?
5
Let r(p) = p**2 + p - 1. Let i be r(0). Let q be 4 - -3 - 3*i. Let g be (256/(-24))/(4/(-30)). Calculate the greatest common factor of q and g.
10
Suppose 0 = 2*a - 5*t - 135, -4*a + 6 = -2*t - 272. Suppose -r = 4*r. Suppose r*k = 4*k - 56. Calculate the greatest common divisor of k and a.
14
Suppose -48 = 11*y - 15*y. Let p = 8 + y. What is the highest common divisor of p and 5?
5
Suppose -3*a - 2*i + 14 = -18, 44 = 3*a - 4*i. Calculate the highest common factor of a and 24.
12
Suppose -4*d = -3*g - 1, 0 = -5*d + d + 4. Let z = g + 3. Let c(p) = 2*p**2 - 5*p + 3. Let x be c(z). Calculate the highest common factor of 105 and x.
15
Let k(l) = l**2 + 7*l - 4. Let a be k(-8). Suppose j + 3*r - 7*r = 0, j + a*r - 40 = 0. Let w = 151 - 101. What is the greatest common factor of j and w?
10
Let k(c) be the second derivative of c**5/20 + c**4/12 + 3*c**2/2 - 3*c. Let s be k(3). Calculate the greatest common factor of s and 26.
13
Let o = 5 + -2. Suppose 2*f - 6 = -0. Let p be f*((-5)/3 + 2). What is the highest common factor of p and o?
1
Let t = -20 + 36. Let v(i) = i - 8. Let w be v(10). Suppose 3*y - 24 = w*y. Calculate the highest common factor of y and t.
8
Suppose -4*l = -8, -4*l + 1 + 22 = 5*o. Suppose -r + 36 = o*r. Calculate the greatest common divisor of 63 and r.
9
Let p be 85/(-3) - (-2)/6. Let o = p + 56. Suppose -2*b = -0*b - o. What is the highest common factor of 7 and b?
7
Let i = -217 - -241. What is the highest common divisor of 108 and i?
12
Let n = 0 + 5. Let a = 23 + -13. What is the greatest common factor of n and a?
5
Let m be (-37)/(-5) + (-2)/5. Let n = -7 + 12. Suppose -n*o - 4*y + 23 = 0, 0 = -y - 3 - 0. Calculate the greatest common divisor of o and m.
7
Suppose -6 = -3*c, 5*c = 2*w + 3*w - 170. Calculate the greatest common factor of w and 9.
9
Let j(a) = 3*a + 9. Let i be j(5). Calculate the highest common divisor of i and 60.
12
Let g = 8 + -6. Suppose g*r = x - 10, -r - 19 = -3*x + 36. What is the greatest common divisor of x and 10?
10
Let n = -30 + 45. Calculate the highest common divisor of 60 and n.
15
Let p = -17 + 24. Let m(s) = 3*s**2 - 2*s - 2. Suppose -3*d = -0*d + 6. Let k be m(d). Calculate the highest common factor of k and p.
7
Suppose 4*d + 4 = -12. Let p be (-18)/d*(-2 + 4). Suppose 2*q + 0*q = 72. What is the greatest common factor of p and q?
9
Suppose 0 = -2*m + 55 + 1. What is the highest common divisor of m and 7?
7
Suppose 5*d - 28 = 2*p - 6*p, 3*p - d = 21. What is the greatest common factor of p and 77?
7
Let l be ((-2)/(-5) - 1)*-25. Suppose 2*g - l = -g. Suppose -n + g*p + 4 = 7, 0 = 4*n + 5*p - 63. What is the greatest common divisor of n and 36?
12
Let w(y) = y**2 - y + 4. Let z be w(0). Suppose -z*x - 19 - 13 = 0. Let p(d) = d**2 + 8*d + 10. Let v be p(x). What is the greatest common factor of 100 and v?
10
Suppose -4*q + 150 = q. Suppose 2*c + 0*c = -y + 119, -3*y = 4*c - 237. Suppose -6*i + i = -c. Calculate the greatest common factor of i and q.
6
Let z(y) = 10 - 3*y + 2*y + 10 + 4. Let l be z(15). What is the greatest common factor of l and 90?
9
Let a = 91 + 69. Suppose a = 5*i - 80. What is the highest common factor of 6 and i?
6
Let x(p) = 3*p + 2. Let b be x(-2). Let m(j) = -j**2 - 6*j - 6. Let s be m(b). Calculate the highest common factor of 10 and s.
2
Let i(x) = x**2 - 2*x - 8. Let g be i(8). Suppose -2*c - 4*r + 18 = -6, 14 = c + 4*r. Calculate the greatest common factor of c and g.
10
Let j(z) = -4*z - 18. Let r be j(-8). Calculate the greatest common factor of r and 7.
7
Let c = 5 + -3. Suppose 2*n = 5*k - 25, 3*n + 9 = -k - k. Suppose -b = -k*h - 6, h + 51 + 7 = 5*b. Calculate the highest common factor of c and b.
2
Let s be (-5)/(-15) + (-25)/3. Let v be 44/s*(1 + -3). Let k(t) = -39*t + 4. Let r be k(-3). Calculate the greatest common divisor of r and v.
11
Let d be (-5 + 1 - 4)*-1. Calculate the greatest common factor of d and 2.
2
Let r(f) = f**2 - 1 + 3*f**2 + 0*f**3 - 4*f**3 + 6*f + 3*f**3. Let c be r(5). Calculate the highest common divisor of c and 8.
4
Let k(u) = -u**3 - u**2 - 1. Let g(i) = 4*i**3 - 2*i**2 - 10*i - 9. Let x(f) = g(f) + 5*k(f). Let p be x(-6). What is the greatest common factor of p and 60?
10
Let y(n) = -n**2 + 4*n + 18. Let k be y(0). What is the highest common factor of k and 198?
18
Suppose j + 3*j - 35 = 3*d, 5*d = -5*j. Suppose 4*b - b = -j*c + 24, 0 = b + 5*c + 2. What is the highest common divisor of b and 91?
13
Let l = 5 - -3. Calculate the greatest common divisor of 2 and l.
2
Suppose -j = l + 8, 0 = 5*l + 4*j - 2*j + 43. Let t(c) = -c**3 - 8*c**2 + 7*c - 8. Let v be t(l). Calculate the greatest common factor of 70 and v.
10
Suppose 0*g - 423 = -4*y + 3*g, 0 = 3*y - 2*g - 317. Let i = y + -55. What is the greatest common divisor of i and 10?
10
Let a(c) = 24*c - 6. Let o be a(4). What is the highest common divisor of o and 36?
18
Suppose 0 = 2*v - 3*v. Suppose v = c - 0 - 8. What is the greatest common divisor of 1 and c?
1
Suppose t - 10 = -j + 1, 44 = 4*t - 2*j. Calculate the highest common factor of t and 88.
11
Let v be (-8)/(-2) - (-5 + 6). Suppose 2*k + k + 4*g = -55, 3*g - 69 = v*k. Let c be (k/4)/((-2)/8). Calculate the greatest common divisor of 14 and c.
7
Suppose 0 = -7*q + 5*q + 150. What is the greatest common divisor of q and 25?
25
Suppose 5*n = n + 196. Let j = 71 - n. Calculate the highest common divisor of 44 and j.
22
Suppose 0 = 4*m - 2*g + 1 - 5, -3*g + 14 = 4*m. Suppose 0 = -4*k - q + 60, -m*k + 5 + 39 = -3*q. What is the greatest common factor of k and 2?
2
Suppose -4*f - 4 = -z - f, 16 = 4*z - 4*f. Calculate the highest common factor of 20 and z.
4
Suppose 5*a - 6 = 104. Suppose -5*z + a = -48. Let d = -13 - -41. What is the highest common divisor of d and z?
14
Let x(q) = q**3 - 3*q**2 - 3*q - 1. Let k be x(4). Suppose 0 = j - k*j + 12. What is the greatest common divisor of j and 18?
6
Let t = -12 + 36. Calculate the greatest common factor of t and 12.
12
Let f(b) = 11*b**2 - 5*b - 4. Let a be f(-3). Let p be (-16)/3*66/(-8). What is the highest common factor of p and a?
22
Let w(